 s(r). Is j(-10) a prime number?
False
Let g be (136/14)/(48/168). Suppose 3*v - 15885 = 3*k, 39*k = -5*v + g*k + 26495. Is v a prime number?
True
Let l = 80 + -70. Suppose -2*r - l = 0, -4*o = r + 3*r - 96. Suppose -31*g = -o*g - 2402. Is g composite?
False
Let c = -65 - -75. Suppose c*p - 47533 = 19837. Is p prime?
True
Let q(t) = -2729*t - 2970. Is q(-73) a prime number?
True
Let s(q) = -6*q + 58. Let n be s(9). Suppose 2*v - 4*d + 4 = 0, -4*v - n + 17 = -d. Suppose -186 = -2*o - 3*z, -v*z + 279 = 3*o - z. Is o prime?
False
Let v(k) = -k**3 + 6*k**2 - 3*k - 3. Let t be v(5). Let g(j) = -j**3 + 5*j**2 + 8*j - 18. Let h be g(t). Let q = h + 93. Is q composite?
True
Suppose 1 = -j + 2*j. Let t(x) = 5*x - 2. Let u be t(j). Suppose 0 = k + 2*v - 371, -777 = 2*k - 4*k + u*v. Is k a composite number?
True
Suppose 3*p = -3*u + 4*u + 254521, 424205 = 5*p - 5*u. Suppose -12*f = -88308 - p. Is f a composite number?
True
Suppose -55495 + 312494 = x + 2*b, -5*b - 1285070 = -5*x. Is x a composite number?
True
Let v be ((-14)/6)/((-3)/27). Suppose 4*c - c = -5*w + v, -3*w + 5*c - 1 = 0. Suppose -2*q + 6*q - 2*m - 1500 = 0, 5*m + 1111 = w*q. Is q prime?
False
Let x be (0 - -6)*(19/3 - 6). Suppose 5*v - 2*u - 13043 = 0, x*v + 0*v + 5*u - 5223 = 0. Is v composite?
False
Let q = -11773 - -16564. Let f(v) = v**3 + 3*v**2 - 37*v + 36. Let z be f(4). Suppose 5*u + 4*j - q = z, -u + 4*j = -0*j - 939. Is u a composite number?
True
Let s = 446367 - 161828. Is s prime?
True
Suppose 10*o - 31458 + 8528 = 0. Is o a composite number?
False
Let o(k) = 166*k**3 + 20*k**2 - 8*k + 9. Is o(7) a composite number?
True
Let n(y) = -483*y + 10. Let l be n(5). Let w = 3372 + l. Is w composite?
False
Let i = 86 - 85. Suppose 2*k = -a + i, 5*a = 2 + 13. Is (-379)/2*(k + -1) composite?
False
Suppose 14*y - 13*y - 44056 = -4*k, -3*k + 4*y + 33061 = 0. Is k composite?
True
Let a(m) = 47*m**2 - 19*m - 25. Suppose -312 + 354 = -6*z. Is a(z) a prime number?
True
Let t(r) = r**2 + 14*r + 15. Let w(s) = s**2 - 8*s + 2. Let d be w(3). Let m be t(d). Suppose m*c = 8*c - 1338. Is c a composite number?
False
Suppose 4*l - 3*f = 3*l - 27, -2*l - f = 26. Is ((-3)/l)/(10/1509350) composite?
False
Suppose 16*p - 30 - 50 = 0. Let w(c) = 382*c - 36*c + 365*c - p. Is w(4) prime?
False
Suppose 55002 + 36363 = -15*i. Let a = 10598 + i. Is a a composite number?
False
Suppose -12*s - 126 = -9*s. Let o be s/(-9) - (-3 - (-24)/9). Suppose 0 = -o*k - 2*t + 2443, 0 = k - 5*t + 3*t - 479. Is k a composite number?
False
Let v = 13201 - 7873. Let z = 9137 - v. Is z prime?
False
Let b(w) = w**3 - w**2 + w + 14. Let a be b(0). Let t be (17192/84)/((-2)/(-12)). Suppose a*u + t = 18*u. Is u a prime number?
True
Suppose -35*r + 5*s - 12347592 = -52*r, -4*r - 5*s + 2905289 = 0. Is r a prime number?
True
Let u be (-13 - -12) + (4 - 0). Let h(t) = 8 + 4*t + 12 - 17 + u*t**2. Is h(7) a prime number?
False
Let r = -2 - -6. Suppose 8 = -r*u + 40. Suppose 193 + 231 = u*m. Is m prime?
True
Suppose c + 22 - 24 = 0. Suppose 0 = -c*g - g + 15. Suppose -2*f + 0*f - b + 663 = 0, g*f - b - 1675 = 0. Is f a composite number?
True
Suppose -5*d - 3*u + 3422526 = -2235727, 2*u + 2263282 = 2*d. Is d composite?
True
Let i be (-72)/(-81) - (-6680)/180. Let x be (1 + (-10)/(-14))*21. Suppose i*r - x*r = 2942. Is r a prime number?
True
Is (657/(-219))/((-2)/26098) a prime number?
False
Let o = -4413 + 8402. Is o composite?
False
Let d = -581 - -614. Suppose -8*p = -d*p + 169225. Is p composite?
True
Suppose -8*h - 542439 = 10*h - 2036313. Is h composite?
True
Let h(o) = -218*o - 9194*o + 51 - 56. Is h(-1) a prime number?
False
Let j(p) = 9*p**3 + 3*p**2 + 5*p + 4. Let n be j(-2). Let s = 58 + n. Let b(a) = -a**3 - 8*a**2 - 5*a - 3. Is b(s) prime?
True
Let w(y) be the third derivative of -y**4/8 + 23*y**3/6 - 22*y**2. Let d be w(6). Is 2390/d*6/4 a composite number?
True
Let b = 56002 + -16479. Suppose -500*r = -489*r - b. Is r composite?
False
Let s be (-293)/(15/2 + -7). Suppose -3*n = -2668 - 317. Let t = s + n. Is t prime?
True
Is ((3 + -5)/((-6)/(-22567)))/(321/(-76077)) prime?
False
Let b = -32042 - -51735. Is b prime?
False
Let z = 126 + -121. Suppose o = -3*m - 1511, -1696 - 841 = z*m - 3*o. Let v = -356 - m. Is v composite?
False
Suppose -3 = -3*s, -184796 = 50*x - 55*x - s. Is x a composite number?
True
Suppose 4*t - 151 = 13. Suppose 5*v - t = -5*c + 9, 6 = v - 3*c. Let n(i) = 56*i - 17. Is n(v) composite?
False
Let o(t) = t**3 + 16*t**2 + 13*t - 22. Let n be o(-15). Suppose 0*l + n*l = 0. Suppose -2*v + 3*v - 979 = l. Is v a prime number?
False
Let w(q) = 469*q**2 - 55*q - 373. Is w(-11) a composite number?
True
Is ((-782022)/2)/((-5 + 15 - 11)*1) prime?
False
Suppose 103414316 = 75*r + 71*r + 31810222. Is r a composite number?
True
Suppose -3*m + 44 = w, -w - 192 = -5*w - 4*m. Suppose -w = -7*x + 2*x. Is 7*(-4)/(-140) - (-45288)/x a prime number?
False
Let z(d) = d**3 - 19*d**2 + d - 20. Let h be z(19). Is (2074/170)/(h/(-265)) prime?
False
Suppose -2*t - 14 = -4*v + 12, 3*v = -3*t - 3. Suppose -v*m - 2*y + 7884 = 2*y, -5*y - 7902 = -4*m. Is m a prime number?
True
Let d(c) = c**2 + 9*c + 10. Let h be d(-8). Suppose -h*z = 5*n + 2164 - 9510, -2*z + n + 7370 = 0. Is z composite?
True
Is 11 - ((-12020292)/(-18))/(-17) prime?
True
Suppose 3*s - 39697 + 5920 = 0. Let i = s - 7432. Is i a prime number?
False
Let s(k) = 752*k**2 - 13*k + 279. Is s(13) a prime number?
False
Let v(a) = -6*a - 15. Let q be v(-3). Suppose q = 6*f - 15. Suppose f*x = -x + 6556. Is x a composite number?
True
Let b(d) = 1418*d**2 - 4*d - 13. Let p(h) = -354*h**2 + h + 3. Let g(y) = -y. Let f be g(9). Let j(t) = f*p(t) - 2*b(t). Is j(2) a prime number?
False
Let v(z) = z + 4. Let o be v(-2). Suppose -o*s + 1210 = -60. Suppose -6*g = -g - s. Is g a composite number?
False
Is ((-818)/5)/(1141/(-95) - -12) + 5 a prime number?
False
Suppose x - 8 + 7 = 0. Is (x + 0)/(23165/(-11585) + 2) prime?
False
Let b(p) = -5*p**3 - 46*p**2 - 38*p + 37. Is b(-18) a composite number?
True
Suppose 2*z + 13 = t + 21, -2*z - t + 8 = 0. Suppose -z*h + 21935 = 1267. Is h composite?
False
Let z(k) = 16*k**2 - 3*k. Let m be z(-3). Suppose 2*f - 497 + 493 = 0. Suppose 0*b + 3*p + m = 2*b, -f*b + 5*p + 163 = 0. Is b prime?
False
Let m(l) be the third derivative of 25/6*l**3 + 11/6*l**4 + 0*l + 21*l**2 + 0. Is m(12) a prime number?
False
Suppose -2*t - 72 = 3*m - 4*m, 3*t = -2*m - 122. Let l = 1185 - t. Is l composite?
False
Suppose 21 - 12 = 3*f. Suppose -p + 4*d = -3*p + 14, f*p - 35 = d. Suppose 12*w = p*w + 141. Is w a composite number?
True
Suppose -3282360 = 6012*t - 6028*t + 2977976. Is t composite?
True
Let s(x) = -235*x - 1. Let c be s(-3). Suppose -7*u = -128 + 198. Is (-2)/u + c/5 a composite number?
True
Let v = 373178 + 767733. Is v prime?
True
Let v(k) = k**2 - 14*k + 11. Let i be v(13). Let n be (i - 10)*30/20. Is 2765 - ((-76)/n - (-26)/(-117)) prime?
False
Let f(d) = 47*d**3 + 18*d**2 - 20*d - 10. Is f(3) composite?
False
Let z(h) = 12*h**2 - 7*h + 17. Let s = 308 + -302. Is z(s) a composite number?
True
Suppose -6 = 99*i - 102*i. Let g = 25 - -17. Suppose 1404 = i*l - g. Is l composite?
True
Let c(z) = 127*z**3 - 3*z**2 - 2*z - 7. Let b be c(-5). Let m = 30640 + b. Is m a composite number?
True
Let o = -897 - -904. Suppose 5*v = 5*q - o*q + 18893, q - 9436 = v. Is q prime?
True
Suppose s - 77027 + 24541 = -2*j, 3*s = j + 157444. Suppose 0 = -40*n + 34*n + s. Is n a composite number?
False
Let n be 9/4*((-32)/(-6) + -8). Is 3694/1 + (-4 - n) + -2 prime?
False
Let m = 1648 - -403. Let r be (1*6)/(23600/(-71232) - (-4)/12). Let t = r - m. Is t composite?
True
Suppose 22*s = 106188 + 16066. Is s a composite number?
False
Suppose 18 = r + 3*n + 6, -4*r + 4*n = 0. Suppose -4*w = 3*p - 6851, -r*p - 8409 = -5*w + 121. Is w a composite number?
False
Suppose -3*w + 3*a = -39057, 3*w - 19*a - 39037 = -20*a. Suppose -12*l + 123666 - w = 0. Is l composite?
False
Suppose 0 = g + 11 - 49. Let l = 41 - g. Suppose 3*v = b + 203 + 1670, 4*v - l*b - 2504 = 0. Is v composite?
True
Let m(p) = 4*p**2 + p. Let o be m(1). Suppose 0 = r - 6*r + 4*h + 40, -5*h = -o*r + 45. Suppose r*a = d + 3*d - 1780, -4*a = -16. Is d composite?
False
Let p = 215474 - -164939. Is p prime?
False
Suppose 